8696 and 102.
6
Calculate the greatest common factor of 2208 and 186024.
552
Calculate the greatest common factor of 118 and 5638571.
59
Calculate the greatest common divisor of 23821798 and 6006.
2002
Calculate the highest common factor of 200420 and 198.
22
Calculate the greatest common factor of 514 and 380730594.
514
Calculate the greatest common factor of 13477 and 13.
1
Calculate the greatest common factor of 140 and 6200985.
35
What is the greatest common factor of 130180820 and 3080?
1540
What is the highest common divisor of 1768902 and 1288878?
678
What is the highest common divisor of 350 and 439789?
7
Calculate the greatest common divisor of 12382351 and 717.
239
What is the highest common divisor of 163353 and 323?
17
Calculate the greatest common factor of 280914532 and 667.
29
Calculate the greatest common factor of 76108643 and 507.
169
Calculate the highest common factor of 16309 and 9798933.
347
Calculate the greatest common factor of 7139 and 730833.
59
Calculate the highest common factor of 70546194 and 126.
18
What is the greatest common factor of 1358 and 2043930?
14
What is the highest common divisor of 15435564 and 5744?
1436
What is the highest common divisor of 65 and 159241927?
13
What is the greatest common factor of 55 and 11914155?
55
Calculate the highest common divisor of 345611 and 17790059.
3563
Calculate the greatest common divisor of 26343466 and 178.
178
What is the highest common factor of 70641453 and 28739?
991
Calculate the greatest common factor of 120 and 554655690.
30
What is the greatest common factor of 2694 and 49002?
6
What is the greatest common factor of 380619 and 3504438?
3429
Calculate the highest common factor of 65033168 and 16956.
628
What is the highest common divisor of 8519921 and 25326?
67
What is the greatest common factor of 1180 and 10722?
2
What is the greatest common factor of 30020858 and 406?
406
What is the highest common divisor of 171742 and 5563642?
3994
Calculate the highest common factor of 994485087 and 1212.
303
Calculate the highest common factor of 16614 and 273858.
78
What is the greatest common factor of 3452622 and 3036?
138
What is the highest common factor of 81995 and 25?
5
Calculate the greatest common divisor of 151649181 and 63.
9
What is the highest common factor of 25972 and 198716?
604
Calculate the highest common divisor of 265053 and 10971.
159
Calculate the highest common factor of 99711910 and 1410.
470
What is the highest common divisor of 9297709 and 698?
349
What is the highest common factor of 9414103 and 252121?
4757
What is the highest common factor of 1176000 and 7014?
42
What is the greatest common divisor of 33630 and 11959170?
570
What is the greatest common factor of 1636 and 98203763?
409
Calculate the greatest common factor of 1408 and 1255650176.
1408
Calculate the greatest common factor of 4230 and 26819010.
90
What is the highest common factor of 36 and 17502?
6
What is the highest common divisor of 760 and 45467?
19
Calculate the greatest common divisor of 208313 and 6.
1
What is the highest common factor of 1501456 and 40?
8
Calculate the greatest common factor of 24348627 and 189.
27
Calculate the highest common divisor of 4403234 and 1718.
1718
What is the greatest common factor of 867 and 819077?
17
Calculate the greatest common factor of 681149468 and 532.
76
What is the greatest common factor of 369740 and 2520?
140
Calculate the highest common divisor of 936 and 57477186.
234
Calculate the greatest common factor of 2238008 and 664.
8
Calculate the highest common divisor of 7009678 and 663.
221
Calculate the greatest common divisor of 9071690 and 55.
5
Calculate the highest common factor of 11155 and 853455664.
2231
What is the highest common divisor of 5945 and 1483060?
145
What is the highest common divisor of 12506 and 2778?
2
Calculate the highest common divisor of 240906 and 9822.
6
What is the greatest common factor of 5265 and 1687985?
65
What is the greatest common factor of 26 and 182886002?
26
Calculate the highest common divisor of 1730 and 10747798.
346
Calculate the highest common factor of 15476 and 455270.
106
What is the greatest common factor of 62 and 3666215?
31
What is the greatest common divisor of 220 and 449260?
20
Calculate the greatest common divisor of 106863 and 22089.
597
Calculate the greatest common factor of 1197079 and 1.
1
What is the greatest common factor of 485 and 141460629?
97
Calculate the highest common factor of 110411042 and 268.
134
What is the highest common divisor of 15 and 369220?
5
Calculate the greatest common divisor of 169030333 and 109.
109
What is the highest common divisor of 21 and 83735673?
21
What is the greatest common divisor of 1446600 and 6550?
50
Calculate the highest common divisor of 18319 and 24773.
7
Calculate the highest common factor of 47479618 and 27058.
326
What is the greatest common factor of 115 and 699020?
5
Calculate the highest common factor of 441427 and 12330085.
3319
Calculate the highest common divisor of 28 and 808899.
7
What is the highest common divisor of 2463483 and 22572?
627
What is the greatest common divisor of 2822112 and 20?
4
Calculate the greatest common factor of 51 and 9226801.
17
What is the greatest common divisor of 560 and 1709200?
80
Calculate the greatest common divisor of 44634 and 32188553.
7439
Calculate the highest common divisor of 36 and 25200876.
12
What is the greatest common divisor of 144 and 7529454?
18
What is the greatest common factor of 718 and 15824002?
718
What is the highest common divisor of 14 and 63408478?
14
What is the greatest common factor of 1798 and 157934?
58
What is the greatest common factor of 60 and 117095370?
30
What is the greatest common divisor of 88249 and 10139630?
1801
Calculate the highest common divisor of 217350 and 118650.
1050
What is the greatest common divisor of 11880 and 792352?
88
What is the greatest common factor of 19290895 and 926?
463
What is the greatest common factor of 21783818 and 4984?
1246
Calculate the greatest common factor of 15582 and 153174.
294
Calculate the highest common divisor of 110462 and 138182.
22
Calculate the highest common divisor of 54316860 and 78.
78
Calculate the highest common divisor of 16 and 10023192.
8
What is the highest common factor of 6741280 and 7735?
455
Calculate the greatest common divisor of 306 and 5834230.
34
Calculate the highest common divisor of 1164 and 1424445.
291
Calculate the greatest common factor of 98853681 and 1857.
1857
What is the greatest common factor of 920 and 1287960?
40
What is the greatest common divisor of 76121510 and 40?
10
What is the greatest common divisor of 2664 and 90584?
8
What is the highest common factor of 12333188 and 312?
4
What is the greatest common factor of 36 and 278192772?
36
What is the highest common divisor of 5329 and 488589?
73
Calculate the greatest common divisor of 30170 and 12072310.
4310
What is the greatest common divisor of 650 and 200941?
13
Calculate the greatest common divisor of 1117512 and 30600.
1224
What is the highest common factor of 11968 and 5524728?
1496
Calculate the greatest common divisor of 4384408 and 4366.
118
What is the highest common factor of 93589139 and 53728?
1679
Calculate the greatest common divisor of 3366 and 12523662.
306
Calculate the highest common factor of 22462632 and 32.
8
What is the highest common divisor of 2553558 and 885502?
746
What is the highest common divisor of 141163925 and 325?
25
Calculate the highest common factor of 1027608310 and 5690.
5690
Calculate the greatest common divisor of 726 and 2190144.
66
Calculate the highest common factor of 1009006 and 8614.
146
Calculate the highest common factor of 7232 and 2485096.
904
Calculate the greatest common factor of 1450 and 3647475.
725
Calculate the highest common divisor of 530255 and 199705.
55
Calculate the greatest common divisor of 20705 and 13120.
205
What is the greatest common divisor of 28591494 and 4?
2
Calculate the greatest common factor of 467 and 344612843.
467
Calculate the greatest common factor of 2581 and 3048161.
2581
Calculate the highest common divisor of 65858 and 5746.
442
Calculate the highest common divisor of 14646972 and 492.
12
Calculate the greatest co